?
False
Suppose 0 = -5*w + 3*n + 2240, 3*w - 2*n - 1794 = -w. Suppose 2*g + w = 5293. Let a = g - 1060. Is a a composite number?
False
Suppose 0 = 2*y - 2, 0 = -192*i + 187*i + 2*y + 1186553. Is i composite?
True
Is ((-120)/(-3))/8*(12798 - -1) a composite number?
True
Let n = 352697 - 240654. Is n a prime number?
False
Is 9/(144/272) - -93716 a composite number?
True
Suppose -5*i + 5*p = -271277 - 176858, i - 89627 = -p. Is i a composite number?
False
Let z = -39 + 20. Let b = z + 21. Suppose -b*y + 2 = 0, -4*d - 3*y = -y - 2318. Is d composite?
True
Suppose -5*j - 4 = -3*j. Let r(c) = -50*c**3 + 19*c**2 - 2*c - 6. Let a(b) = 25*b**3 - 9*b**2 + b + 3. Let t(l) = -13*a(l) - 6*r(l). Is t(j) a composite number?
False
Let y(d) = d**3 - 8*d**2 - 13*d + 29. Let b be y(13). Suppose 0 = 2*f - f - b. Let o = 1328 - f. Is o a composite number?
True
Let v(d) = d**3 + 9*d**2 + d + 13367. Is v(0) composite?
False
Let r(q) = -16 + 31 + 272*q**2 - 204*q**2 - 8*q + 22. Is r(7) prime?
True
Let f = -1026 - -850. Let z = 253 + f. Is z a composite number?
True
Let l(m) = -75*m - 41. Let j be l(-14). Let v = -662 + j. Is v prime?
True
Suppose -16*b + 388201 = -160743. Is b prime?
False
Suppose 0*t + 4*t + i - 2623 = 0, -2621 = -4*t - 3*i. Let r = -649 - -364. Let b = t + r. Is b composite?
True
Let b(q) = 2*q**2 - 24. Let l be b(-4). Suppose -2*r = 2*g - 9572, 0 = -12*r + l*r + 5*g + 19117. Is r prime?
True
Suppose 0 = -77*v + 94*v - 342948 - 449966. Is v composite?
True
Suppose -1078*d + 998*d = -6277360. Is d a prime number?
True
Let u = 16685 - -186. Is u a composite number?
False
Let q = 20 + -17. Suppose -15682 = -q*z - 2152. Suppose -32 - z = -6*w. Is w a prime number?
True
Is (-23)/(((-1)/(-4244) - 0)/((-27)/108)) a prime number?
False
Suppose 13*c - 166 = 120. Suppose -6 = -4*g + 2*n - c, 5*g - 2 = -3*n. Is 4*(g - -3) - (-2391 + 2) composite?
False
Suppose 12 + 10 = -2*t - 4*k, -20 = 4*k. Let h(y) = 8*y**2 + y - 1. Is h(t) a composite number?
True
Let b(g) = 1530*g**2 - 10*g + 79. Is b(12) composite?
False
Is 4/26 - (-633270)/78 prime?
False
Let t = -571342 + 1213055. Is t a prime number?
True
Let z be (-1 + 0)*(-1 + -1). Suppose 16 + 14 = z*x. Suppose x*g - 20*g = -4090. Is g prime?
False
Let h = -480 + 492. Suppose 2*w - 6*w = 4*g - 3924, 3*g - h = 0. Is w prime?
True
Let z = -2813 - 1561. Let w = -217 + z. Let s = -2810 - w. Is s prime?
False
Let x = 1041 + -827. Let k = x + 157. Is k a prime number?
False
Let z = 74 - 113. Let m = 40 + z. Is ((-57)/9)/(m + (-34)/33) a prime number?
False
Let i(h) = 6*h**3 - 26*h**2 - 17*h - 16. Let t(d) = -d**3 + d**2 - d + 1. Let f(m) = i(m) + 5*t(m). Is f(23) a composite number?
False
Let j = -31 - -39. Suppose 13615 = -j*p + 13*p. Suppose -4*b + p = 5*w, -4*w + 2705 = w - 5*b. Is w a composite number?
True
Let l = -426329 + 1293300. Is l a composite number?
True
Suppose -120 = -27*y - 1092. Is (-12)/y + (-1504)/(-6) a composite number?
False
Suppose -n - 5*q = -2*q - 10, -2*n - 3*q + 8 = 0. Is (n/(-8))/(61/3672932) a composite number?
False
Let u(p) = 10*p + 55. Let k be u(-12). Let m = -61 - k. Suppose -m*x + x = -6873. Is x a prime number?
False
Let r = 40 - 42. Let v be (r + 10)*6/24. Suppose -5*w + 2138 + 2431 = o, -o - 1822 = -v*w. Is w prime?
False
Let c(b) = -88920*b + 1397. Is c(-37) composite?
False
Let t(c) = 111*c**3 + 2*c**2 - c + 7. Let u be t(-3). Let o = u - -951. Is (2 + -6 + 5)*o/(-2) prime?
True
Let g(y) = 55359*y - 745. Is g(2) prime?
False
Is (-3)/(-1) + 134606 - (26 - 34) a prime number?
False
Let i(l) = -69*l**2 - 72*l + 27. Let c(m) = 17*m**2 + 18*m - 7. Let h(q) = -9*c(q) - 2*i(q). Let o be h(-8). Let w = o + 1818. Is w a prime number?
False
Suppose 0 = 12*j - 20*j + 193389 + 173227. Is j a composite number?
False
Suppose 0 = -88*w + 11*w + 21869771. Is w a prime number?
True
Let m = 26 + -23. Let k be (m/((-42)/(-133)))/((-2)/(-52)). Let u = k - 170. Is u a composite number?
True
Suppose 0 = -4*a - 16, -3*a - 154967 = 3*h - 6848882. Is h prime?
True
Let z = -136 - -140. Suppose -2*w + 35 - 9 = -z*v, 5*v = 3*w - 34. Let m(i) = 18*i**2 - 5*i + 12. Is m(w) composite?
True
Suppose 126*f - 20 = -2*q + 128*f, -5*q - 5*f + 80 = 0. Is 10487*(-4 + q)/9 a composite number?
False
Suppose 3022668 + 2677968 = 51*s - 1627401. Is s composite?
False
Suppose -97*x - 1214737 = -8740116 - 214348. Is x prime?
False
Let w(p) = -p**3 - 8*p**2 - 6*p + 9. Let u be w(-7). Suppose u*l - 1 = 9, -j + 287 = -4*l. Is j composite?
False
Let v = 41587 + 42382. Is v a composite number?
False
Let u(z) be the second derivative of 1/3*z**4 + 9*z + 0 - 19/6*z**3 + 13/2*z**2. Is u(10) composite?
False
Let j = 24 - 19. Suppose 0 = 4*t + 5*g - 2015, -2*t = -j*t + 5*g + 1555. Suppose 609 = 3*c - t. Is c a composite number?
False
Suppose v + v - f = -1, v + 5*f - 27 = 0. Suppose 2*z = -v*z. Suppose z = -3*q + 7*q - 7036. Is q prime?
True
Let y(f) = 115*f**2 - 21*f + 1391. Is y(-66) composite?
False
Suppose -4*d + 3*d = 0. Suppose 0 = -d*j + j - 1. Is (179/(-3))/(j/(-3)) a composite number?
False
Let d = -149 - -259. Let t be (d/((-2)/1))/((-31)/(-2170)). Let x = 8817 + t. Is x composite?
False
Suppose 0 = 9*u - 16 - 29. Suppose -u*r + 57425 = 5*o, -2*o - 16540 + 5064 = -r. Is r a composite number?
True
Let n be -11*((-208)/176 + (-4)/(-22)). Suppose -6 = -9*a + n*a. Is (-1)/a + 319348/87 a composite number?
False
Let b(u) be the second derivative of 25*u**4/12 - u**3/2 - 7*u**2/2 + 2*u. Let m(o) = o**3 + 5*o**2 + 15*o + 18. Let j be m(-3). Is b(j) a prime number?
False
Suppose -51*f = 178*f - 26141953. Is f a composite number?
False
Let a(u) = -4*u**3 + 12*u**2 - 19*u - 276. Is a(-47) prime?
False
Suppose 0 = 19*d - 18*d - 11696. Suppose d = 4*q + x, 0*q - x + 5850 = 2*q. Is q a prime number?
False
Is (-2 - -81622) + (106 - 115) prime?
True
Let f = 282060 - -60367. Is f prime?
False
Suppose -4*i = v + 330, 8*i - 11*i = 4*v + 1359. Suppose 2*n - 112 = -0*n + c, 3*c - 159 = -3*n. Let y = n - v. Is y prime?
True
Let t(i) = 17*i**2 - 5*i + 51. Let f be t(8). Let c = f + 1842. Is c prime?
False
Let v(m) = 12276*m - 587. Is v(3) composite?
False
Suppose 20*x - 19*x - y = 2, 3*y = -3*x - 6. Suppose 28370 = n - x*n - 3*k, -n + 2*k + 28369 = 0. Is n prime?
False
Suppose 4*o - 4810 = a + a, -5*a - 12050 = -5*o. Suppose n + 1213 = -313. Let b = n - a. Is b a composite number?
True
Is (-116)/(-1566) - (-24899500)/108 a prime number?
True
Suppose -1413 + 9557 = -4*v. Suppose 2198 = -5*s + 3*s. Let o = s - v. Is o a composite number?
False
Suppose 24*o + 12*o = 216. Suppose -5*j - 3*z = -15329, -2*j + o*z - 7*z + 6132 = 0. Is j composite?
False
Let k(r) = r**2 + 9*r + 19. Let m be k(-8). Suppose 0 = m*d - 10 - 45. Is 7/175*d - (-274)/5 a composite number?
True
Suppose -7 = -2*y + 3. Suppose -5*a + 1740 = 5*o - 3*a, 1025 = 3*o + y*a. Suppose -o = -5*d + t, 108 + 191 = 4*d + 3*t. Is d a composite number?
False
Suppose 0 = -5*j + 5*m - 2200, 6*j = j - m - 2218. Let k be (j/2)/((-9)/36). Suppose 2*g - 1294 = -4*y, 3*g - k = -2*y - 249. Is y prime?
False
Let x = -66650 - -114721. Is x composite?
True
Suppose 40399 + 14824 = 7*x. Suppose -15*i + x = -916. Is i a composite number?
False
Let y = 18 + -6. Suppose -2 + y = 5*v. Is 1 + 1*v + (-15 - -271) composite?
True
Let i = -125 - -309. Suppose 177*t + 21763 = i*t. Is t prime?
True
Let n = 4683 - -11044. Is n a prime number?
True
Let s(x) = -21*x**2 + 9*x - 30. Let o(b) = -7*b**2 + 3*b - 10. Let g(n) = -14*o(n) + 4*s(n). Let f be g(-12). Let t = f - 381. Is t a composite number?
True
Let w be 8/(-36) + 2873/(-153). Let x(h) = h**3 + 31*h**2 + 7*h - 72. Is x(w) prime?
True
Suppose -10*m - m = -103950. Suppose 0 = 7*l - 4655 - m. Suppose 2*x - a - l = 134, 5*a = x - 1088. Is x prime?
False
Suppose 121*d - 120*d = -3*w + 612934, -3*w - 1838862 = -3*d. Is d a prime number?
False
Let a(w) = -53569*w + 134. Let k(d) = 10714*d - 27. Let l(c) = 2*a(c) + 11*k(c). Is l(2) a prime number?
False
Suppose 5*k = 3*p - 142, 0*k = -4*p + 5*k + 181. Let z(j) = -2*j**3 - 2*j**2 - 3*j + 3. Let t be z(3). Is 37368/p - (-12)/t a prime number?
False
Let k(t) = -3843*t - 6383. Is k(-40) a composite number?
True
Suppose 4*s = t + 132735, -s - 3*t = -20661 - 12539. Is s a composite number?
True
Suppose -15*a = -186497 - 21